What is the greatest common divisor of 132273529 and 253?
23
What is the greatest common factor of 6165 and 833645?
685
What is the greatest common divisor of 848720 and 30640?
80
What is the highest common factor of 3 and 387921768?
3
Calculate the highest common factor of 12064862 and 4734.
526
Calculate the highest common divisor of 49728 and 187719.
21
Calculate the highest common factor of 87984944 and 186.
62
What is the highest common divisor of 655 and 6349963?
131
What is the greatest common factor of 710627247 and 10065?
2013
What is the highest common factor of 80 and 33616480?
80
What is the greatest common divisor of 37120 and 276747?
29
Calculate the highest common divisor of 76175523 and 9.
9
What is the highest common factor of 9043485 and 495?
165
Calculate the highest common divisor of 11807032 and 248.
248
Calculate the greatest common factor of 1815 and 2715405.
165
Calculate the highest common divisor of 8552642 and 2254.
322
What is the greatest common factor of 217779 and 71325?
951
Calculate the highest common factor of 396 and 603369261.
99
What is the greatest common divisor of 504 and 25727436?
252
What is the greatest common divisor of 52675639 and 51?
17
Calculate the highest common factor of 258 and 100302961.
43
Calculate the highest common factor of 76 and 13064320.
4
What is the highest common factor of 331338 and 9270702?
6762
Calculate the greatest common divisor of 3766913553 and 13.
13
Calculate the greatest common divisor of 256253 and 9215.
19
What is the greatest common divisor of 2691212 and 12?
4
Calculate the highest common divisor of 78369300 and 200.
100
What is the greatest common divisor of 266027087 and 1543?
1543
Calculate the highest common factor of 173634 and 4386.
258
Calculate the highest common factor of 105627 and 118779.
411
What is the highest common factor of 108 and 59965848?
36
What is the highest common divisor of 45022536 and 206?
206
Calculate the highest common factor of 728 and 34968.
8
Calculate the highest common factor of 5906637 and 99.
99
What is the highest common factor of 16500 and 125565?
165
What is the greatest common factor of 3376118 and 1084?
542
Calculate the highest common divisor of 72 and 580878252.
36
What is the highest common divisor of 5040 and 25396?
28
What is the greatest common divisor of 631700 and 11500?
100
Calculate the greatest common factor of 139345 and 5075.
145
What is the greatest common divisor of 232934 and 682?
62
What is the highest common divisor of 89268 and 6194?
2
What is the highest common factor of 646654909 and 8549?
8549
Calculate the greatest common factor of 885906 and 141246.
126
What is the highest common factor of 51009794 and 15257?
209
What is the highest common divisor of 1918671 and 39882?
867
What is the highest common factor of 2196 and 50867046?
1098
Calculate the greatest common factor of 80 and 96595.
5
What is the highest common divisor of 60 and 188512620?
60
Calculate the greatest common factor of 3014 and 315962141.
1507
What is the greatest common divisor of 4900 and 2412460?
20
Calculate the greatest common factor of 33782 and 616204.
254
Calculate the greatest common divisor of 17 and 16925795.
17
Calculate the greatest common divisor of 10877 and 3020081.
149
What is the greatest common divisor of 391694 and 10268?
302
What is the highest common factor of 289976316 and 8232?
4116
What is the highest common divisor of 66 and 386328?
6
Calculate the highest common factor of 6761771 and 292.
73
What is the greatest common factor of 18040 and 39683080?
1640
What is the highest common factor of 679 and 1731176363?
679
What is the greatest common divisor of 1040517 and 9?
9
What is the greatest common divisor of 2 and 315958?
2
Calculate the greatest common factor of 813491 and 3514.
1757
Calculate the greatest common factor of 570000 and 100500.
1500
What is the greatest common factor of 7078630 and 119340?
2210
What is the highest common divisor of 7314876 and 4392?
2196
Calculate the highest common factor of 6542982 and 28548.
1098
Calculate the highest common divisor of 27079 and 46267.
13
What is the greatest common factor of 490920 and 3624626?
8182
What is the greatest common factor of 378 and 74116602?
126
What is the greatest common divisor of 278691 and 11103211?
4039
Calculate the greatest common factor of 39 and 51078.
3
What is the greatest common factor of 981240 and 15318?
222
What is the greatest common divisor of 4309503 and 387?
129
Calculate the highest common divisor of 63360 and 5074560.
5760
Calculate the highest common factor of 5508 and 386580.
204
What is the greatest common factor of 2649725 and 8525?
775
Calculate the greatest common divisor of 1248 and 82589.
13
Calculate the greatest common factor of 8492079 and 3546.
591
Calculate the greatest common divisor of 684790470 and 21348.
10674
Calculate the highest common divisor of 660 and 16848876.
132
What is the highest common divisor of 8 and 260574616?
8
Calculate the greatest common factor of 582 and 12914386.
194
Calculate the greatest common factor of 92 and 771403624.
92
Calculate the highest common divisor of 41318595 and 20.
5
What is the greatest common divisor of 1472 and 212083?
23
Calculate the greatest common divisor of 345 and 116685.
15
What is the highest common divisor of 150384 and 27667523?
3133
What is the highest common factor of 24806292 and 168?
84
What is the highest common factor of 56232 and 202752?
792
Calculate the greatest common divisor of 1271 and 3909968.
31
What is the greatest common divisor of 666824964 and 78?
78
Calculate the highest common divisor of 19824273 and 1323.
441
What is the greatest common divisor of 777721 and 2520?
7
Calculate the greatest common factor of 28561 and 4467853.
169
What is the highest common divisor of 28992 and 323717424?
7248
What is the greatest common factor of 413 and 172584853?
413
What is the highest common divisor of 8633507 and 745?
149
Calculate the highest common divisor of 568752 and 210681.
867
Calculate the highest common factor of 15968914 and 182.
26
What is the greatest common divisor of 585308 and 3835778?
2234
Calculate the greatest common divisor of 1577 and 53352.
19
Calculate the highest common divisor of 186 and 14991414.
186
What is the highest common factor of 9893408 and 2784?
928
Calculate the greatest common divisor of 5628 and 268674.
42
Calculate the highest common factor of 165 and 3506712.
33
What is the highest common factor of 401257032 and 66?
66
What is the highest common factor of 16867974 and 1077?
1077
Calculate the highest common factor of 18 and 41952258.
18
What is the highest common divisor of 72 and 437161086?
18
Calculate the greatest common divisor of 400 and 8621800.
200
Calculate the greatest common factor of 2279 and 105741943.
53
Calculate the highest common divisor of 2020125710 and 670.
670
What is the greatest common factor of 384089706 and 6930?
1386
What is the highest common factor of 70 and 45486105?
35
What is the highest common divisor of 23743668 and 23088?
156
Calculate the highest common divisor of 1069628 and 1134.
14
Calculate the greatest common divisor of 12482 and 18802.
158
What is the highest common factor of 50 and 18856390?
10
Calculate the greatest common divisor of 715554 and 1869.
21
What is the highest common factor of 10116343 and 16031?
391
Calculate the highest common divisor of 5764 and 471548.
44
What is the greatest common factor of 1941990 and 7980?
570
What is the highest common divisor of 14015510 and 1610?
230
What is the greatest common factor of 80303553 and 99?
99
What is the greatest common divisor of 569896 and 3152?
8
Calculate the greatest common divisor of 2115 and 63900.
45
Calculate the greatest common divisor of 30385 and 348710414.
6077
Calculate the greatest common factor of 24 and 69429396.
12
What is the highest common factor of 238943041 and 51?
17
What is the highest common divisor of 118989 and 179444?
113
Calculate the greatest common divisor of 1152 and 4217661.
9
What is the highest common divisor of 872780 and 1177800?
3020
Calculate the highest common divisor of 93948180 and 26816.
1676
What is the highest common divisor of 84 and 160852?
4
What is the greatest co